{"id":1221,"date":"2020-04-24T11:45:53","date_gmt":"2020-04-24T11:45:53","guid":{"rendered":"http:\/\/www.abogadonegligenciamedica.eu\/?page_id=1221"},"modified":"2023-08-30T17:19:50","modified_gmt":"2023-08-30T17:19:50","slug":"abogados-expertos-accidentes-trafico","status":"publish","type":"page","link":"https:\/\/www.reclamaraccidentetrafico.es\/cat\/abogados-expertos-accidentes-trafico\/","title":{"rendered":"SERVEI EN L\u00cdNIA"},"content":{"rendered":"<h2 style=\"text-align: center;\">ADVOCATS EXPERTS EN ACCIDENTS DE TR\u00c0NSIT<\/h2>\n<h2 style=\"text-align: center;\"><span style=\"color: #ffcc00;\">OFERIM ELS NOSTRES SERVEIS JUR\u00cdDICS TELEM\u00c0TICA<\/span><\/h2>\n<p style=\"text-align: justify;\">Com advocats, experts en accidents de tr\u00e0nsit, hem de fer la nostra feina en tot el territori nacional i no sempre \u00e9s possible, visites i\/o trobades cara a cara, de manera que ens recurris, necess\u00e0riament, a les reunions per mitjans electr\u00f2nics.<\/p>\n<p style=\"text-align: justify;\">\u00c9s evident que la pand\u00e8mia de COVID-19 ha canviat a tots nosaltres a la nostra manera de comportar-se. T\u00e9 un impacte en m\u00faltiples aspectes de la nostra vida, per\u00f2 sobretot, en un molt essencial, de manera que tenia fins ara de relacionar-se amb els altres. El risc de contagi ha fet que hem de trobar maneres per continuar amb la nostra activitat, la nostra vida, m\u00e9s segura, i entre aquests mitjans de comunicaci\u00f3 s&#039;han convertit en el m\u00e9s important, els mitjans tecnol\u00f2gics que permeten la comunicaci\u00f3 telem\u00e0tica.<\/p>\n<p style=\"text-align: justify;\"><img decoding=\"async\" class=\"size-medium wp-image-1226 alignleft\" src=\"http:\/\/www.abogadonegligenciamedica.eu\/wp-content\/uploads\/2020\/04\/pixel-cells-3976293_1280-160x300.png\" alt=\"\" width=\"160\" height=\"300\" \/>A m\u00e9s d&#039;aquests mitjans fan possible la prestaci\u00f3 de serveis i les relacions comercials entre les persones que estan f\u00edsicament ubicades en diferents llocs. Anem, doncs, tots aquests mitjans al nostre abast.<\/p>\n<p style=\"text-align: justify;\"><a href=\"http:\/\/www.pallaresadvocats.com\">PALLAR\u00c8S ADVOCATS<\/a> fa molt de temps que se centra en la tecnologia mitjan\u00e7ant l&#039;establiment de sistemes de gesti\u00f3 interna de la nostra empresa, incrementar l&#039;escaneig de documents amb vista a l&#039;objectiu de paper-zero, la tecnologia VOIP en els nostres tel\u00e8fons, etc.<\/p>\n<p style=\"text-align: justify;\">Fins ara, hem estimulat la utilitzaci\u00f3 del correu electr\u00f2nic i els documents, en format PDF, per a la tramitaci\u00f3 de l&#039;expedient, per\u00f2 el cara a cara consultes, fins ara, imprescindible, que s&#039;han d&#039;alternar amb visites virtuals a trav\u00e9s de videoconfer\u00e8ncia.<\/p>\n<p style=\"text-align: justify;\">Per tot aix\u00f2 i per a una millor comprensi\u00f3 dels nostres clients, hem desenvolupat les seg\u00fcents<\/p>\n<p>&nbsp;<\/p>\n<h2 style=\"text-align: center;\"><strong>CARTA DE SERVEIS EN L\u00cdNIA<\/strong><\/h2>\n<h3 style=\"text-align: center;\"><strong>A. PRIMER CONTACTE AMB la NOSTRA OFICINA<\/strong><\/h3>\n<p style=\"text-align: justify;\">El primer contacte ser\u00e0 capa\u00e7 tant per tel\u00e8fon com <a title=\"CONTACTE\" href=\"http:\/\/www.reclamaraccidentetrafico.es\/cat\/contactenos\/\"><span style=\"color: #ff9900;\">e-mail<\/span><\/a> l&#039;objecte \u00e9s concertar una entrevista amb l&#039;advocat responsable de la tramitaci\u00f3 de demandes per neglig\u00e8ncia m\u00e8dica o danys en l&#039;\u00e0mbit de la salut<\/p>\n<p>&nbsp;<\/p>\n<h3 style=\"text-align: center;\"><strong>B. PRIMER GRATIS ENTREVISTA AMB <\/strong><strong>ADVOCATS EXPERTS EN ACCIDENTS DE TR\u00c0NSIT\u00a0<\/strong><\/h3>\n<p style=\"text-align: justify;\">Aquesta primera visita, l&#039;orientaci\u00f3, pret\u00e9n aclarir els dubtes m\u00e9s comuns que solen tenir una persona afectada per la mala pr\u00e0ctica m\u00e8dica, \u00e9s, com diem, totalment gratu\u00eft, i es dur\u00e0 a terme en tres camins possibles:<\/p>\n<p style=\"text-align: justify;\">1. De forma presencial<\/p>\n<p style=\"text-align: justify;\">2. Per tel\u00e8fon el dia i l&#039;hora assenyalada per a la primera presa de contacte<\/p>\n<p style=\"text-align: justify;\">3. Mitjan\u00e7ant trucada de v\u00eddeo sobre el dia i l&#039;hora assenyalada per a la primera presa de contacte. Aquest m\u00e8tode ser\u00e0 la PRIORITAT per la durada de la necessitat de confinament i amb els clients amb adreces f\u00edsicament distants a la nostra empresa, ES LA cosa m\u00e9s propera A UNA VISITA amb la F\u00cdSICA.<img fetchpriority=\"high\" decoding=\"async\" class=\"size-medium wp-image-1227 aligncenter\" src=\"http:\/\/www.abogadonegligenciamedica.eu\/wp-content\/uploads\/2020\/04\/home-office-5055423_1280-300x262.png\" alt=\"\" width=\"300\" height=\"262\" \/><\/p>\n<p>&nbsp;<\/p>\n<h4 style=\"text-align: center;\"><strong>DESENVOLUPAMENT DE LA TRUCADA DE V\u00cdDEO<\/strong><\/h4>\n<ol style=\"text-align: justify;\">\n<li>En el primer contacte amb un lliurament al client us preguem que vost\u00e8 proporcioni un e-mail de contacte i ens posarem d&#039;acord amb ell, dia i hora per fer una trucada de v\u00eddeo.<\/li>\n<li>Immediatament, que ser\u00e0 enviat per e-mail al teu e-mail amb l&#039;enlla\u00e7 i les dades necess\u00e0ries per entrar a la sala on va tenir lloc la trucada de v\u00eddeo o virtual entrevista. Vost\u00e8 va a trav\u00e9s de l&#039;aplicaci\u00f3 gratu\u00efta JITSI COMPLIR o l&#039;aplicaci\u00f3 de GOOGLE COMPLIR. En qualsevol cas, el vostre correu electr\u00f2nic apareixer\u00e0 en color BLAU, l&#039;enlla\u00e7 en el qual &#034;feu clic a&#034; per entrar a la reuni\u00f3<\/li>\n<li>Aquest enlla\u00e7 pot ser programades, per a les finalitats de recordatori, en un compte de google calendar i ser\u00e0 la seg\u00fcent:<img decoding=\"async\" class=\"wp-image-1223 aligncenter\" src=\"http:\/\/www.abogadonegligenciamedica.eu\/wp-content\/uploads\/2020\/04\/exemple-300x121.jpg\" alt=\"\" width=\"751\" height=\"303\" \/><\/li>\n<li>Els requisits t\u00e8cnics que necessitar\u00e0 el client per a connectar ser\u00e0 m\u00ednima, per\u00f2 en qualsevol cas dependr\u00e0 de si es vol fer la connexi\u00f3 des d&#039;un ordinador o des d&#039;un tel\u00e8fon m\u00f2bil\n<ul>\n<li><strong>DES D&#039;UN ORDINADOR<\/strong>: Vost\u00e8 no ha de instal \u00b7 lar res. Feu &#034;clic&#034; a sobre de l&#039;enlla\u00e7 i donar perm\u00eds (quan el vostre ordinador es demana) per connectar l&#039;altaveu i el micr\u00f2fon de l&#039;ordinador.<\/li>\n<li><strong>DES D&#039;UN TEL\u00c8FON M\u00d2BIL:\u00a0<\/strong>El &#034;clic&#034; a sobre de l&#039;enlla\u00e7, es demanar\u00e0 a la instal \u00b7 lar en el teu tel\u00e8fon a l&#039;aplicaci\u00f3 gratu\u00efta per a la videoconfer\u00e8ncia, sempre que no tenir-lo pr\u00e8viament instal\u00b7lat.\n<ol>\n<li><strong>JITSI MEET:<\/strong> Si voleu instal\u00b7lar previament <a href=\"https:\/\/play.google.com\/store\/apps\/details?id=org.jitsi.meet&amp;hl=ca\"><span style=\"color: #3366ff;\"><strong>AQU\u00cd<\/strong><\/span><\/a> si el teu tel\u00e8fon Android per accedir a la GOOGLE PLAY o de premsa <a href=\"https:\/\/apps.apple.com\/us\/app\/jitsi-meet\/id1165103905\"><span style=\"color: #3366ff;\"><strong>AQU\u00cd<\/strong><\/span><\/a> si tens un iPhone per accedir a la BOTIGA d&#039;APPLE.<\/li>\n<li>GOOGLE MEET: Si el voleu instal\u00b7lar pr\u00e8viament <a href=\"https:\/\/play.google.com\/store\/apps\/details?id=com.google.android.apps.meetings&amp;hl=ca\"><span style=\"color: #3366ff;\"><strong>AQU\u00cd<\/strong><\/span><\/a> si el teu tel\u00e8fon Android per accedir a la GOOGLE PLAY o de premsa <a href=\"https:\/\/apps.apple.com\/us\/app\/jitsi-meet\/id1165103905\"><span style=\"color: #3366ff;\"><strong>AQU\u00cd<\/strong><\/span><\/a> si tens un iPhone per accedir a la BOTIGA d&#039;APPLE.<\/li>\n<\/ol>\n<\/li>\n<\/ul>\n<\/li>\n<\/ol>\n<h3 style=\"text-align: center;\"><strong>C. de DOCUMENTACI\u00d3<\/strong><\/h3>\n<p style=\"text-align: justify;\">Vost\u00e8 va a prioritzar el treball amb documents escanejats en format PDF, per aix\u00f2:<\/p>\n<ol style=\"text-align: justify;\">\n<li><strong>Client de documentaci\u00f3<\/strong>La documentaci\u00f3 que necessitarem per al tractament del fitxer ser\u00e0 escanejat mitjan\u00e7ant dues opcions:\n<ol>\n<li>El client envia la documentaci\u00f3 escanejada per correu electr\u00f2nic<\/li>\n<li>El client envia la documentaci\u00f3 (original o c\u00f2pia) sobre el paper de la manera que \u00e9s m\u00e9s c\u00f2mode (desplaceu-vos a una de les nostres oficines, oficina de correus o empresa de missatgeria i ser\u00e0), ser\u00e0 escanejat i tornar del client pel servei de missatgeria.<\/li>\n<\/ol>\n<\/li>\n<li><strong>Documentaci\u00f3 necess\u00e0ria firma original del client:\u00a0<\/strong>S&#039;enviar\u00e0 la documentaci\u00f3 per a inscriure&#039;s a l&#039;adre\u00e7a de correu electr\u00f2nic que heu proporcionat a aquest (<strong>LLEVAT QUE EL CLIENT DISPOSA D&#039;UNA SIGNATURA O CERTIFICAT DIGITAL):<\/strong>\n<ol>\n<li>Vam presentar una c\u00f2pia del document signat per c\u00f2pia escanejada, ja sigui per la fotografia de miso<\/li>\n<li>Ens envi\u00ef l&#039;ORIGINAL signat del document a trav\u00e9s de l&#039;oficina de correus o empresa de missatgeria i ser\u00e0<\/li>\n<\/ol>\n<\/li>\n<\/ol>\n<h3 style=\"text-align: center;\">TENS DUBTES?: CONTACTE amb nosaltres<\/h3>\n<h3 style=\"text-align: center;\">ENS AJUDAR\u00c0 A<\/h3>\n<p><a title=\"CONTACTE\" href=\"http:\/\/www.abogadonegligenciamedica.eu\/contactenos\/\"><img loading=\"lazy\" decoding=\"async\" class=\"size-medium wp-image-780 aligncenter\" src=\"http:\/\/www.abogadonegligenciamedica.eu\/wp-content\/uploads\/2020\/04\/dubtes-300x188.jpg\" alt=\"\" width=\"300\" height=\"188\" \/><\/a><\/p>\n<h4><\/h4>\n<h3 style=\"text-align: center;\">DEIXI SEMPRE UN N\u00daMERO DE TEL\u00c8FON DE CONTACTE PERQU\u00c8 PUGUEM CONTACTAR AMB TU EN CAS QUE NECESSITEM M\u00c9S INFORMACI\u00d3<\/h3>\n<h3 style=\"text-align: center;\">NO DUBTEU A DEMANAR VISITA GRATU\u00cfTA AL TEL\u00c8FON 93 655 31 70 SI PREFERIU QUE L'ATENEM PERSONALMENT<\/h3>\n<figure id=\"attachment_1841\" aria-describedby=\"caption-attachment-1841\" style=\"width: 222px\" class=\"wp-caption aligncenter\"><img loading=\"lazy\" decoding=\"async\" class=\"size-medium wp-image-1841\" src=\"http:\/\/www.reclamaraccidentetrafico.es\/wp-content\/uploads\/2023\/04\/pallares-blanc-222x300.png\" alt=\"\" width=\"222\" height=\"300\" srcset=\"https:\/\/www.reclamaraccidentetrafico.es\/wp-content\/uploads\/2023\/04\/pallares-blanc-222x300.png 222w, https:\/\/www.reclamaraccidentetrafico.es\/wp-content\/uploads\/2023\/04\/pallares-blanc.png 305w\" sizes=\"(max-width: 222px) 100vw, 222px\" \/><figcaption id=\"caption-attachment-1841\" class=\"wp-caption-text\">VOLEM SER EL SEU ADVOCATS EN ACCIDENT DE TR\u00c0NSIT<\/figcaption><\/figure>\n<h2 style=\"text-align: center;\"><span style=\"color: #ff9900;\"><u><b>CONSULTA INICIAL GRATU\u00cfTA<\/b><\/u><\/span><br \/>\n<b>\u00a0<\/b><a href=\"mailto:info@pallaresadvocats.com\"><b>info@pallaresadvocats.com<\/b><\/a><\/h2>\n<h1 style=\"text-align: center;\"><span style=\"color: #ff9900;\"><b>93 655 31 70<\/b><\/span><\/h1>","protected":false},"excerpt":{"rendered":"<p>ABOGADOS EXPERTOS EN ACCIDENTES DE TR\u00c1FICO OFRECEMOS NUESTROS SERVICIOS JURIDICOS TELEM\u00c1TICOS Como abogados expertos en accidentes de tr\u00e1fico, desempe\u00f1amos nuestro trabajo en todo el territorio nacional y no siempre son posible las visitas y\/o reuniones presenciales por lo que debemos recurris, necesariamente, a las reuniones por medios telem\u00e1ticos. Es evidente que la pandemia del COVID-19 [&hellip;]<\/p>","protected":false},"author":1,"featured_media":1700,"parent":0,"menu_order":0,"comment_status":"closed","ping_status":"closed","template":"","meta":{"footnotes":""},"class_list":["post-1221","page","type-page","status-publish","has-post-thumbnail","czr-hentry"],"yoast_head":"<!-- This site is optimized with the Yoast SEO plugin v26.0 - https:\/\/yoast.com\/wordpress\/plugins\/seo\/ -->\n<title>Abogados expertos accidentes tr\u00e1fico<\/title>\n<meta name=\"description\" content=\"PALLARES ADVOCATS. Somos abogados expertos en accidentes de tr\u00e1fico en Sabadell, Barcelona y Cerdanyola. Cont\u00e1ctneos. 93 655 31 70\" \/>\n<meta name=\"robots\" content=\"index, follow, max-snippet:-1, max-image-preview:large, max-video-preview:-1\" \/>\n<link rel=\"canonical\" href=\"https:\/\/www.reclamaraccidentetrafico.es\/cat\/abogados-expertos-accidentes-trafico\/\" \/>\n<meta property=\"og:locale\" content=\"ca_ES\" \/>\n<meta property=\"og:type\" content=\"article\" \/>\n<meta property=\"og:title\" content=\"Abogados expertos accidentes tr\u00e1fico\" \/>\n<meta property=\"og:description\" content=\"PALLARES ADVOCATS. Somos abogados expertos en accidentes de tr\u00e1fico en Sabadell, Barcelona y Cerdanyola. Cont\u00e1ctneos. 93 655 31 70\" \/>\n<meta property=\"og:url\" content=\"https:\/\/www.reclamaraccidentetrafico.es\/cat\/abogados-expertos-accidentes-trafico\/\" \/>\n<meta property=\"og:site_name\" content=\"ABOGADOS DE ACCIDENTES DE TRAFICO\" \/>\n<meta property=\"article:publisher\" content=\"https:\/\/www.facebook.com\/Pallares.Advocat\" \/>\n<meta property=\"article:modified_time\" content=\"2023-08-30T17:19:50+00:00\" \/>\n<meta property=\"og:image\" content=\"https:\/\/www.reclamaraccidentetrafico.es\/wp-content\/uploads\/2020\/06\/home-office-5055423_1280.png\" \/>\n\t<meta property=\"og:image:width\" content=\"1280\" \/>\n\t<meta property=\"og:image:height\" content=\"1119\" \/>\n\t<meta property=\"og:image:type\" content=\"image\/png\" \/>\n<meta name=\"twitter:card\" content=\"summary_large_image\" \/>\n<meta name=\"twitter:site\" content=\"@pallaresadvocats\" \/>\n<meta name=\"twitter:label1\" content=\"Temps estimat de lectura\" \/>\n\t<meta name=\"twitter:data1\" content=\"6 minuts\" \/>\n<script type=\"application\/ld+json\" class=\"yoast-schema-graph\">{\"@context\":\"https:\/\/schema.org\",\"@graph\":[{\"@type\":\"WebPage\",\"@id\":\"https:\/\/www.reclamaraccidentetrafico.es\/abogados-expertos-accidentes-trafico\/\",\"url\":\"https:\/\/www.reclamaraccidentetrafico.es\/abogados-expertos-accidentes-trafico\/\",\"name\":\"Abogados expertos accidentes tr\u00e1fico\",\"isPartOf\":{\"@id\":\"https:\/\/www.reclamaraccidentetrafico.es\/#website\"},\"primaryImageOfPage\":{\"@id\":\"https:\/\/www.reclamaraccidentetrafico.es\/abogados-expertos-accidentes-trafico\/#primaryimage\"},\"image\":{\"@id\":\"https:\/\/www.reclamaraccidentetrafico.es\/abogados-expertos-accidentes-trafico\/#primaryimage\"},\"thumbnailUrl\":\"https:\/\/www.reclamaraccidentetrafico.es\/wp-content\/uploads\/2020\/06\/home-office-5055423_1280.png\",\"datePublished\":\"2020-04-24T11:45:53+00:00\",\"dateModified\":\"2023-08-30T17:19:50+00:00\",\"description\":\"PALLARES ADVOCATS. Somos abogados expertos en accidentes de tr\u00e1fico en Sabadell, Barcelona y Cerdanyola. Cont\u00e1ctneos. 93 655 31 70\",\"breadcrumb\":{\"@id\":\"https:\/\/www.reclamaraccidentetrafico.es\/abogados-expertos-accidentes-trafico\/#breadcrumb\"},\"inLanguage\":\"ca\",\"potentialAction\":[{\"@type\":\"ReadAction\",\"target\":[\"https:\/\/www.reclamaraccidentetrafico.es\/abogados-expertos-accidentes-trafico\/\"]}]},{\"@type\":\"ImageObject\",\"inLanguage\":\"ca\",\"@id\":\"https:\/\/www.reclamaraccidentetrafico.es\/abogados-expertos-accidentes-trafico\/#primaryimage\",\"url\":\"https:\/\/www.reclamaraccidentetrafico.es\/wp-content\/uploads\/2020\/06\/home-office-5055423_1280.png\",\"contentUrl\":\"https:\/\/www.reclamaraccidentetrafico.es\/wp-content\/uploads\/2020\/06\/home-office-5055423_1280.png\",\"width\":1280,\"height\":1119,\"caption\":\"abogados-expertos-accidentes-trafico\"},{\"@type\":\"BreadcrumbList\",\"@id\":\"https:\/\/www.reclamaraccidentetrafico.es\/abogados-expertos-accidentes-trafico\/#breadcrumb\",\"itemListElement\":[{\"@type\":\"ListItem\",\"position\":1,\"name\":\"Portada\",\"item\":\"https:\/\/www.reclamaraccidentetrafico.es\/\"},{\"@type\":\"ListItem\",\"position\":2,\"name\":\"SERVICIO ON-LINE\"}]},{\"@type\":\"WebSite\",\"@id\":\"https:\/\/www.reclamaraccidentetrafico.es\/#website\",\"url\":\"https:\/\/www.reclamaraccidentetrafico.es\/\",\"name\":\"ABOGADOS DE ACCIDENTES DE TRAFICO\",\"description\":\"ABOGADOS EXPERTOS EN RECLAMAR ACCIDENTES DE TRAFICO\",\"publisher\":{\"@id\":\"https:\/\/www.reclamaraccidentetrafico.es\/#organization\"},\"potentialAction\":[{\"@type\":\"SearchAction\",\"target\":{\"@type\":\"EntryPoint\",\"urlTemplate\":\"https:\/\/www.reclamaraccidentetrafico.es\/?s={search_term_string}\"},\"query-input\":{\"@type\":\"PropertyValueSpecification\",\"valueRequired\":true,\"valueName\":\"search_term_string\"}}],\"inLanguage\":\"ca\"},{\"@type\":\"Organization\",\"@id\":\"https:\/\/www.reclamaraccidentetrafico.es\/#organization\",\"name\":\"PALLAR\u00c8S ADVOCATS\",\"alternateName\":\"Pallar\u00e8s\",\"url\":\"https:\/\/www.reclamaraccidentetrafico.es\/\",\"logo\":{\"@type\":\"ImageObject\",\"inLanguage\":\"ca\",\"@id\":\"https:\/\/www.reclamaraccidentetrafico.es\/#\/schema\/logo\/image\/\",\"url\":\"https:\/\/www.reclamaraccidentetrafico.es\/wp-content\/uploads\/2023\/04\/pallares-blanc.png\",\"contentUrl\":\"https:\/\/www.reclamaraccidentetrafico.es\/wp-content\/uploads\/2023\/04\/pallares-blanc.png\",\"width\":305,\"height\":412,\"caption\":\"PALLAR\u00c8S ADVOCATS\"},\"image\":{\"@id\":\"https:\/\/www.reclamaraccidentetrafico.es\/#\/schema\/logo\/image\/\"},\"sameAs\":[\"https:\/\/www.facebook.com\/Pallares.Advocat\",\"https:\/\/x.com\/pallaresadvocats\",\"https:\/\/instagram.com\/pallares_advocats?igshid=NTc4MTIwNjQ2YQ==\"]}]}<\/script>\n<!-- \/ Yoast SEO plugin. -->","yoast_head_json":{"title":"Abogados expertos accidentes tr\u00e1fico","description":"PALLARES ADVOCATS. Somos abogados expertos en accidentes de tr\u00e1fico en Sabadell, Barcelona y Cerdanyola. Cont\u00e1ctneos. 93 655 31 70","robots":{"index":"index","follow":"follow","max-snippet":"max-snippet:-1","max-image-preview":"max-image-preview:large","max-video-preview":"max-video-preview:-1"},"canonical":"https:\/\/www.reclamaraccidentetrafico.es\/cat\/abogados-expertos-accidentes-trafico\/","og_locale":"ca_ES","og_type":"article","og_title":"Abogados expertos accidentes tr\u00e1fico","og_description":"PALLARES ADVOCATS. Somos abogados expertos en accidentes de tr\u00e1fico en Sabadell, Barcelona y Cerdanyola. Cont\u00e1ctneos. 93 655 31 70","og_url":"https:\/\/www.reclamaraccidentetrafico.es\/cat\/abogados-expertos-accidentes-trafico\/","og_site_name":"ABOGADOS DE ACCIDENTES DE TRAFICO","article_publisher":"https:\/\/www.facebook.com\/Pallares.Advocat","article_modified_time":"2023-08-30T17:19:50+00:00","og_image":[{"width":1280,"height":1119,"url":"https:\/\/www.reclamaraccidentetrafico.es\/wp-content\/uploads\/2020\/06\/home-office-5055423_1280.png","type":"image\/png"}],"twitter_card":"summary_large_image","twitter_site":"@pallaresadvocats","twitter_misc":{"Temps estimat de lectura":"6 minuts"},"schema":{"@context":"https:\/\/schema.org","@graph":[{"@type":"WebPage","@id":"https:\/\/www.reclamaraccidentetrafico.es\/abogados-expertos-accidentes-trafico\/","url":"https:\/\/www.reclamaraccidentetrafico.es\/abogados-expertos-accidentes-trafico\/","name":"Abogados expertos accidentes tr\u00e1fico","isPartOf":{"@id":"https:\/\/www.reclamaraccidentetrafico.es\/#website"},"primaryImageOfPage":{"@id":"https:\/\/www.reclamaraccidentetrafico.es\/abogados-expertos-accidentes-trafico\/#primaryimage"},"image":{"@id":"https:\/\/www.reclamaraccidentetrafico.es\/abogados-expertos-accidentes-trafico\/#primaryimage"},"thumbnailUrl":"https:\/\/www.reclamaraccidentetrafico.es\/wp-content\/uploads\/2020\/06\/home-office-5055423_1280.png","datePublished":"2020-04-24T11:45:53+00:00","dateModified":"2023-08-30T17:19:50+00:00","description":"PALLARES ADVOCATS. Somos abogados expertos en accidentes de tr\u00e1fico en Sabadell, Barcelona y Cerdanyola. Cont\u00e1ctneos. 93 655 31 70","breadcrumb":{"@id":"https:\/\/www.reclamaraccidentetrafico.es\/abogados-expertos-accidentes-trafico\/#breadcrumb"},"inLanguage":"ca","potentialAction":[{"@type":"ReadAction","target":["https:\/\/www.reclamaraccidentetrafico.es\/abogados-expertos-accidentes-trafico\/"]}]},{"@type":"ImageObject","inLanguage":"ca","@id":"https:\/\/www.reclamaraccidentetrafico.es\/abogados-expertos-accidentes-trafico\/#primaryimage","url":"https:\/\/www.reclamaraccidentetrafico.es\/wp-content\/uploads\/2020\/06\/home-office-5055423_1280.png","contentUrl":"https:\/\/www.reclamaraccidentetrafico.es\/wp-content\/uploads\/2020\/06\/home-office-5055423_1280.png","width":1280,"height":1119,"caption":"abogados-expertos-accidentes-trafico"},{"@type":"BreadcrumbList","@id":"https:\/\/www.reclamaraccidentetrafico.es\/abogados-expertos-accidentes-trafico\/#breadcrumb","itemListElement":[{"@type":"ListItem","position":1,"name":"Portada","item":"https:\/\/www.reclamaraccidentetrafico.es\/"},{"@type":"ListItem","position":2,"name":"SERVICIO ON-LINE"}]},{"@type":"WebSite","@id":"https:\/\/www.reclamaraccidentetrafico.es\/#website","url":"https:\/\/www.reclamaraccidentetrafico.es\/","name":"ACCIDENT ADVOCATS DE TR\u00c0NSIT","description":"ADVOCATS ESPERTS EN RECLAMACI\u00d3 PER ACCIDENTS DE TR\u00c0NSIT","publisher":{"@id":"https:\/\/www.reclamaraccidentetrafico.es\/#organization"},"potentialAction":[{"@type":"SearchAction","target":{"@type":"EntryPoint","urlTemplate":"https:\/\/www.reclamaraccidentetrafico.es\/?s={search_term_string}"},"query-input":{"@type":"PropertyValueSpecification","valueRequired":true,"valueName":"search_term_string"}}],"inLanguage":"ca"},{"@type":"Organization","@id":"https:\/\/www.reclamaraccidentetrafico.es\/#organization","name":"PALLAR\u00c8S ADVOCATS","alternateName":"Pallar\u00e8s","url":"https:\/\/www.reclamaraccidentetrafico.es\/","logo":{"@type":"ImageObject","inLanguage":"ca","@id":"https:\/\/www.reclamaraccidentetrafico.es\/#\/schema\/logo\/image\/","url":"https:\/\/www.reclamaraccidentetrafico.es\/wp-content\/uploads\/2023\/04\/pallares-blanc.png","contentUrl":"https:\/\/www.reclamaraccidentetrafico.es\/wp-content\/uploads\/2023\/04\/pallares-blanc.png","width":305,"height":412,"caption":"PALLAR\u00c8S ADVOCATS"},"image":{"@id":"https:\/\/www.reclamaraccidentetrafico.es\/#\/schema\/logo\/image\/"},"sameAs":["https:\/\/www.facebook.com\/Pallares.Advocat","https:\/\/x.com\/pallaresadvocats","https:\/\/instagram.com\/pallares_advocats?igshid=NTc4MTIwNjQ2YQ=="]}]}},"_links":{"self":[{"href":"https:\/\/www.reclamaraccidentetrafico.es\/cat\/wp-json\/wp\/v2\/pages\/1221","targetHints":{"allow":["GET"]}}],"collection":[{"href":"https:\/\/www.reclamaraccidentetrafico.es\/cat\/wp-json\/wp\/v2\/pages"}],"about":[{"href":"https:\/\/www.reclamaraccidentetrafico.es\/cat\/wp-json\/wp\/v2\/types\/page"}],"author":[{"embeddable":true,"href":"https:\/\/www.reclamaraccidentetrafico.es\/cat\/wp-json\/wp\/v2\/users\/1"}],"replies":[{"embeddable":true,"href":"https:\/\/www.reclamaraccidentetrafico.es\/cat\/wp-json\/wp\/v2\/comments?post=1221"}],"version-history":[{"count":8,"href":"https:\/\/www.reclamaraccidentetrafico.es\/cat\/wp-json\/wp\/v2\/pages\/1221\/revisions"}],"predecessor-version":[{"id":2265,"href":"https:\/\/www.reclamaraccidentetrafico.es\/cat\/wp-json\/wp\/v2\/pages\/1221\/revisions\/2265"}],"wp:featuredmedia":[{"embeddable":true,"href":"https:\/\/www.reclamaraccidentetrafico.es\/cat\/wp-json\/wp\/v2\/media\/1700"}],"wp:attachment":[{"href":"https:\/\/www.reclamaraccidentetrafico.es\/cat\/wp-json\/wp\/v2\/media?parent=1221"}],"curies":[{"name":"wp","href":"https:\/\/api.w.org\/{rel}","templated":true}]}}