{"id":865,"date":"2020-04-16T13:19:33","date_gmt":"2020-04-16T13:19:33","guid":{"rendered":"http:\/\/www.abogadonegligenciamedica.eu\/?page_id=865"},"modified":"2023-10-02T18:02:07","modified_gmt":"2023-10-02T18:02:07","slug":"abogados-accidentes-trafico-cerdanyola-sabadell-barcelona","status":"publish","type":"page","link":"https:\/\/www.reclamaraccidentetrafico.es\/cat\/abogados-accidentes-trafico-cerdanyola-sabadell-barcelona\/","title":{"rendered":"CONTACTE"},"content":{"rendered":"<div data-elementor-type=\"wp-page\" data-elementor-id=\"865\" class=\"elementor elementor-865\">\n\t\t\t\t\t\t<section class=\"elementor-section elementor-top-section elementor-element elementor-element-6fbf45d1 elementor-section-boxed elementor-section-height-default elementor-section-height-default\" data-id=\"6fbf45d1\" data-element_type=\"section\">\n\t\t\t\t\t\t<div class=\"elementor-container elementor-column-gap-default\">\n\t\t\t\t\t<div class=\"elementor-column elementor-col-100 elementor-top-column elementor-element elementor-element-fd3484d\" data-id=\"fd3484d\" data-element_type=\"column\">\n\t\t\t<div class=\"elementor-widget-wrap elementor-element-populated\">\n\t\t\t\t\t\t<div class=\"elementor-element elementor-element-4fb1a207 elementor-widget elementor-widget-text-editor\" data-id=\"4fb1a207\" data-element_type=\"widget\" data-widget_type=\"text-editor.default\">\n\t\t\t\t<div class=\"elementor-widget-container\">\n\t\t\t\t\t\t\t\t\t<h1 style=\"text-align: center;\">Advocats experts en accidents de tr\u00e0nsit a Barcelona, Sabadell, Cerdanyola del Vall\u00e8s i Castellar del Vall\u00e8s<\/h1>\n<h2 style=\"text-align: center;\">1a visita gratu\u00efta i sense comprom\u00eds<\/h2>\n<h2 style=\"text-align: center;\">93 655 31 70<\/h2>\n<h2 style=\"text-align: center;\"><a href=\"mailto:info@pallaresadvocats.com\">info@pallaresadvocats.com<\/a><\/h2>\n<p style=\"text-align: left;\">Tingueu en compte que el nostre despatx, amb oficines a Barcelona, Sabadell, Cerdanyola del Vall\u00e8s i Castellar del Vall\u00e8s compta amb un departament especialitzat en les reclamacions d&#039;indemnitzaci\u00f3 per accidents de tr\u00e0nsit liderat per l&#039;advocat <a href=\"http:\/\/www.pallaresfernandez.com\/abogados\/antoni-pallares-andreu.html\" target=\"_blank\" rel=\"noopener noreferrer\">ANTONI PALLAR\u00c8S ANDREU<\/a>, que s&#039;encarrega de coordinar les diferents <a href=\"http:\/\/www.reclamaraccidentetrafico.es\/cat\/quienes-somos\/\">equips professionals<\/a> van treballar conjuntament en els temes del Dret a la Salut per aconseguir la defensa dels interessos dels clients que s&#039;han hagut de contractar els nostres serveis.<\/p>\n<p style=\"text-align: left;\">Estem tan conven\u00e7uts que el servei que oferirem ser\u00e0 del seu gust que <strong>us oferim una primera orientaci\u00f3, i totalment gratis.<\/strong><\/p>\n<p style=\"text-align: left;\">RECORDEM que, en qualsevol cas, la dist\u00e0ncia del seu domicili amb el respecte a les nostres oficines ha de ser mai un problema, perqu\u00e8 ens encarreguem de casos al llarg de la geografia espanyola.<\/p>\n<p style=\"text-align: center;\">Si us plau, contacteu amb nosaltres sense cap tipus de comprom\u00eds, de manera que junts podem trobar la millor soluci\u00f3.<\/p>\n<h3 style=\"text-align: center;\">OMPLE EL NOSTRE FORMULARI<\/h3>\n<hr \/>\n<p style=\"text-align: left;\">\n<div class=\"wpcf7 no-js\" id=\"wpcf7-f1547-o1\" lang=\"es-ES\" dir=\"ltr\" data-wpcf7-id=\"1547\">\n<div class=\"screen-reader-response\"><p role=\"status\" aria-live=\"polite\" aria-atomic=\"true\"><\/p> <ul><\/ul><\/div>\n<form action=\"\/cat\/wp-json\/wp\/v2\/pages\/865#wpcf7-f1547-o1\" method=\"post\" class=\"wpcf7-form init\" aria-label=\"Formulario de contacto\" novalidate=\"novalidate\" data-status=\"init\" data-trp-original-action=\"\/cat\/wp-json\/wp\/v2\/pages\/865#wpcf7-f1547-o1\">\n<fieldset class=\"hidden-fields-container\"><input type=\"hidden\" name=\"_wpcf7\" value=\"1547\" \/><input type=\"hidden\" name=\"_wpcf7_version\" value=\"6.1.1\" \/><input type=\"hidden\" name=\"_wpcf7_locale\" value=\"es_ES\" \/><input type=\"hidden\" name=\"_wpcf7_unit_tag\" value=\"wpcf7-f1547-o1\" \/><input type=\"hidden\" name=\"_wpcf7_container_post\" value=\"0\" \/><input type=\"hidden\" name=\"_wpcf7_posted_data_hash\" value=\"\" \/><input type=\"hidden\" name=\"_wpcf7_recaptcha_response\" value=\"\" \/>\n<\/fieldset>\n<p><label> El teu nom (obligatori)<br \/>\n<span class=\"wpcf7-form-control-wrap\" data-name=\"your-name\"><input size=\"40\" maxlength=\"400\" class=\"wpcf7-form-control wpcf7-text wpcf7-validates-as-required\" aria-required=\"true\" aria-invalid=\"false\" value=\"\" type=\"text\" name=\"your-name\" \/><\/span> <\/label>\n<\/p>\n<p><label> El teu email (obligatori)<br \/>\n<span class=\"wpcf7-form-control-wrap\" data-name=\"your-email\"><input size=\"40\" maxlength=\"400\" class=\"wpcf7-form-control wpcf7-email wpcf7-validates-as-required wpcf7-text wpcf7-validates-as-email\" aria-required=\"true\" aria-invalid=\"false\" value=\"\" type=\"email\" name=\"your-email\" \/><\/span> <\/label>\n<\/p>\n<p><label> Tema<br \/>\n<span class=\"wpcf7-form-control-wrap\" data-name=\"your-subject\"><input size=\"40\" maxlength=\"400\" class=\"wpcf7-form-control wpcf7-text\" aria-invalid=\"false\" value=\"\" type=\"text\" name=\"your-subject\" \/><\/span> <\/label>\n<\/p>\n<p><label> El vostre missatge<br \/>\n<span class=\"wpcf7-form-control-wrap\" data-name=\"your-message\"><textarea cols=\"40\" rows=\"10\" maxlength=\"2000\" class=\"wpcf7-form-control wpcf7-textarea\" aria-invalid=\"false\" name=\"your-message\"><\/textarea><\/span> <\/label>\n<\/p>\n<p><input class=\"wpcf7-form-control wpcf7-submit has-spinner\" type=\"submit\" value=\"Enviar\" \/>\n<\/p><div class=\"wpcf7-response-output\" aria-hidden=\"true\"><\/div>\n<input type=\"hidden\" name=\"trp-form-language\" value=\"cat\"\/><\/form>\n<\/div>\n<\/p>\n<\/p>\t\t\t\t\t\t\t\t<\/div>\n\t\t\t\t<\/div>\n\t\t\t\t\t<\/div>\n\t\t<\/div>\n\t\t\t\t\t<\/div>\n\t\t<\/section>\n\t\t\t\t<section class=\"elementor-section elementor-top-section elementor-element elementor-element-7f5a58b elementor-section-boxed elementor-section-height-default elementor-section-height-default\" data-id=\"7f5a58b\" data-element_type=\"section\">\n\t\t\t\t\t\t<div class=\"elementor-container elementor-column-gap-default\">\n\t\t\t\t\t<div class=\"elementor-column elementor-col-100 elementor-top-column elementor-element elementor-element-1c47932\" data-id=\"1c47932\" data-element_type=\"column\">\n\t\t\t<div class=\"elementor-widget-wrap elementor-element-populated\">\n\t\t\t\t\t\t<div class=\"elementor-element elementor-element-fe8937a elementor-widget elementor-widget-html\" data-id=\"fe8937a\" data-element_type=\"widget\" data-widget_type=\"html.default\">\n\t\t\t\t<div class=\"elementor-widget-container\">\n\t\t\t\t\t<h4 style=\"text-align: left;\">CERDANYOLA DEL VALLES (Av Primavera 76, local 08290)<\/h4>\r\n<p><iframe style=\"border: 0;\" tabindex=\"0\" src=\"https:\/\/www.google.com\/maps\/embed?pb=!1m18!1m12!1m3!1d2988.802854065579!2d2.1364093155638826!3d41.486873597784424!2m3!1f0!2f0!3f0!3m2!1i1024!2i768!4f13.1!3m3!1m2!1s0x12a4961bdb89e5f1%3A0x33fed925db91f3fe!2sAvinguda%20de%20la%20Primavera%2C%2076%2C%2008290%20Cerdanyola%20del%20Vall%C3%A8s%2C%20Barcelona!5e0!3m2!1sca!2ses!4v1587045493025!5m2!1sca!2ses\" width=\"600\" height=\"450\" frameborder=\"0\" allowfullscreen=\"allowfullscreen\" aria-hidden=\"false\"><\/iframe><\/p>\r\n<h4>La CIUTAT de BARCELONA (Avinguda Diagonal, 539, 1r D\n08029)<\/h4>\r\n<p><iframe style=\"border: 0;\" tabindex=\"0\" src=\"https:\/\/www.google.com\/maps\/embed?pb=!1m18!1m12!1m3!1d889.8995014672937!2d2.1370018037507856!3d41.39030726524117!2m3!1f0!2f0!3f0!3m2!1i1024!2i768!4f13.1!3m3!1m2!1s0x12a499888638f9d1%3A0x31bf619c53ee480!2sPALLARES%20ADVOCATS!5e0!3m2!1sca!2ses!4v1696251209215!5m2!1sca!2ses\" width=\"600\" height=\"450\" frameborder=\"0\" allowfullscreen=\"allowfullscreen\" aria-hidden=\"false\"><\/iframe><\/p>\r\n<h4>SABADELL (C\/ \u00c0ngel Guimer\u00e0, 2, 1er pis\n08201)<\/h4>\r\n<p><iframe style=\"border: 0;\" tabindex=\"0\" src=\"https:\/\/www.google.com\/maps\/embed?pb=!1m18!1m12!1m3!1d2986.1240480360343!2d2.106917576300167!3d41.54491128620918!2m3!1f0!2f0!3f0!3m2!1i1024!2i768!4f13.1!3m3!1m2!1s0x12a495012264f2b5%3A0xcea06f08e4620b6e!2sCarrer%20d'%C3%80ngel%20Guimer%C3%A0%2C%202%2C%2008201%20Sabadell%2C%20Barcelona!5e0!3m2!1sca!2ses!4v1696265492894!5m2!1sca!2ses\" width=\"600\" height=\"450\" frameborder=\"0\" allowfullscreen=\"allowfullscreen\" aria-hidden=\"false\"><\/iframe>\r\n<h4>CASTELLAR (C\/Santa Perp\u00e8tua 16, local \n08211)<\/h4>\r\n<p><iframe style=\"border: 0;\" tabindex=\"0\" src=\"https:\/\/www.google.com\/maps\/embed?pb=!1m18!1m12!1m3!1d443.41951502786236!2d2.0890425523437948!3d41.61339729703953!2m3!1f0!2f0!3f0!3m2!1i1024!2i768!4f13.1!3m3!1m2!1s0x12a4eb0d9632f22d%3A0xed90f583db697022!2sPuigverd%20Assessors!5e0!3m2!1sca!2ses!4v1696251696473!5m2!1sca!2ses265492894!5m2!1sca!2ses\" width=\"600\" height=\"450\" frameborder=\"0\" allowfullscreen=\"allowfullscreen\" aria-hidden=\"false\"><\/iframe>\t\t\t\t<\/div>\n\t\t\t\t<\/div>\n\t\t\t\t\t<\/div>\n\t\t<\/div>\n\t\t\t\t\t<\/div>\n\t\t<\/section>\n\t\t\t\t<\/div>","protected":false},"excerpt":{"rendered":"<p>Abogados expertos en accidentes de tr\u00e1fico en Barcelona, Sabadell, Cerdanyola del Vall\u00e9s y Castellar del Vall\u00e8s 1\u00aa visita gratis y sin compromiso 93 655 31 70 info@pallaresadvocats.com Recuerde que nuestro bufete de abogados con despachos en Barcelona, Sabadell, Cerdanyola del Vall\u00e8s y Castellar del Vall\u00e9s cuenta con un departamento especializado en reclamaci\u00f3n de indemnizaciones por [&hellip;]<\/p>","protected":false},"author":1,"featured_media":1852,"parent":0,"menu_order":0,"comment_status":"closed","ping_status":"closed","template":"","meta":{"footnotes":""},"class_list":["post-865","page","type-page","status-publish","has-post-thumbnail","czr-hentry"],"yoast_head":"<!-- This site is optimized with the Yoast SEO plugin v26.0 - https:\/\/yoast.com\/wordpress\/plugins\/seo\/ -->\n<title>Abogados accidentes tr\u00e1fico en Cerdanyola Sabadell Barcelona<\/title>\n<meta name=\"description\" content=\"Abogados especialistas en accidentes de tr\u00e1fico en Cerdanyola, Sabadell y Barcelona. Solo cobramos si usted cobra!! .93 655 31 70.\" \/>\n<meta name=\"robots\" content=\"index, follow, max-snippet:-1, max-image-preview:large, max-video-preview:-1\" \/>\n<link rel=\"canonical\" href=\"https:\/\/www.reclamaraccidentetrafico.es\/cat\/abogados-accidentes-trafico-cerdanyola-sabadell-barcelona\/\" \/>\n<meta property=\"og:locale\" content=\"ca_ES\" \/>\n<meta property=\"og:type\" content=\"article\" \/>\n<meta property=\"og:title\" content=\"Abogados accidentes tr\u00e1fico en Cerdanyola Sabadell Barcelona\" \/>\n<meta property=\"og:description\" content=\"Abogados especialistas en accidentes de tr\u00e1fico en Cerdanyola, Sabadell y Barcelona. Solo cobramos si usted cobra!! .93 655 31 70.\" \/>\n<meta property=\"og:url\" content=\"https:\/\/www.reclamaraccidentetrafico.es\/cat\/abogados-accidentes-trafico-cerdanyola-sabadell-barcelona\/\" \/>\n<meta property=\"og:site_name\" content=\"ABOGADOS DE ACCIDENTES DE TRAFICO\" \/>\n<meta property=\"article:publisher\" content=\"https:\/\/www.facebook.com\/Pallares.Advocat\" \/>\n<meta property=\"article:modified_time\" content=\"2023-10-02T18:02:07+00:00\" \/>\n<meta property=\"og:image\" content=\"https:\/\/www.reclamaraccidentetrafico.es\/wp-content\/uploads\/2023\/04\/car-accident-g857c8f6b5_1280.png\" \/>\n\t<meta property=\"og:image:width\" content=\"1280\" \/>\n\t<meta property=\"og:image:height\" content=\"742\" \/>\n\t<meta property=\"og:image:type\" content=\"image\/png\" \/>\n<meta name=\"twitter:card\" content=\"summary_large_image\" \/>\n<meta name=\"twitter:site\" content=\"@pallaresadvocats\" \/>\n<meta name=\"twitter:label1\" content=\"Temps estimat de lectura\" \/>\n\t<meta name=\"twitter:data1\" content=\"1 minut\" \/>\n<script type=\"application\/ld+json\" class=\"yoast-schema-graph\">{\"@context\":\"https:\/\/schema.org\",\"@graph\":[{\"@type\":\"WebPage\",\"@id\":\"https:\/\/www.reclamaraccidentetrafico.es\/abogados-accidentes-trafico-cerdanyola-sabadell-barcelona\/\",\"url\":\"https:\/\/www.reclamaraccidentetrafico.es\/abogados-accidentes-trafico-cerdanyola-sabadell-barcelona\/\",\"name\":\"Abogados accidentes tr\u00e1fico en Cerdanyola Sabadell Barcelona\",\"isPartOf\":{\"@id\":\"https:\/\/www.reclamaraccidentetrafico.es\/#website\"},\"primaryImageOfPage\":{\"@id\":\"https:\/\/www.reclamaraccidentetrafico.es\/abogados-accidentes-trafico-cerdanyola-sabadell-barcelona\/#primaryimage\"},\"image\":{\"@id\":\"https:\/\/www.reclamaraccidentetrafico.es\/abogados-accidentes-trafico-cerdanyola-sabadell-barcelona\/#primaryimage\"},\"thumbnailUrl\":\"https:\/\/www.reclamaraccidentetrafico.es\/wp-content\/uploads\/2023\/04\/car-accident-g857c8f6b5_1280.png\",\"datePublished\":\"2020-04-16T13:19:33+00:00\",\"dateModified\":\"2023-10-02T18:02:07+00:00\",\"description\":\"Abogados especialistas en accidentes de tr\u00e1fico en Cerdanyola, Sabadell y Barcelona. Solo cobramos si usted cobra!! .93 655 31 70.\",\"breadcrumb\":{\"@id\":\"https:\/\/www.reclamaraccidentetrafico.es\/abogados-accidentes-trafico-cerdanyola-sabadell-barcelona\/#breadcrumb\"},\"inLanguage\":\"ca\",\"potentialAction\":[{\"@type\":\"ReadAction\",\"target\":[\"https:\/\/www.reclamaraccidentetrafico.es\/abogados-accidentes-trafico-cerdanyola-sabadell-barcelona\/\"]}]},{\"@type\":\"ImageObject\",\"inLanguage\":\"ca\",\"@id\":\"https:\/\/www.reclamaraccidentetrafico.es\/abogados-accidentes-trafico-cerdanyola-sabadell-barcelona\/#primaryimage\",\"url\":\"https:\/\/www.reclamaraccidentetrafico.es\/wp-content\/uploads\/2023\/04\/car-accident-g857c8f6b5_1280.png\",\"contentUrl\":\"https:\/\/www.reclamaraccidentetrafico.es\/wp-content\/uploads\/2023\/04\/car-accident-g857c8f6b5_1280.png\",\"width\":1280,\"height\":742,\"caption\":\"Abogados-accidentes-tr\u00e1fico-Cerdanyola-Sabadell-Barcelona\"},{\"@type\":\"BreadcrumbList\",\"@id\":\"https:\/\/www.reclamaraccidentetrafico.es\/abogados-accidentes-trafico-cerdanyola-sabadell-barcelona\/#breadcrumb\",\"itemListElement\":[{\"@type\":\"ListItem\",\"position\":1,\"name\":\"Portada\",\"item\":\"https:\/\/www.reclamaraccidentetrafico.es\/\"},{\"@type\":\"ListItem\",\"position\":2,\"name\":\"CONT\u00c1CTENOS\"}]},{\"@type\":\"WebSite\",\"@id\":\"https:\/\/www.reclamaraccidentetrafico.es\/#website\",\"url\":\"https:\/\/www.reclamaraccidentetrafico.es\/\",\"name\":\"ABOGADOS DE ACCIDENTES DE TRAFICO\",\"description\":\"ABOGADOS EXPERTOS EN RECLAMAR ACCIDENTES DE TRAFICO\",\"publisher\":{\"@id\":\"https:\/\/www.reclamaraccidentetrafico.es\/#organization\"},\"potentialAction\":[{\"@type\":\"SearchAction\",\"target\":{\"@type\":\"EntryPoint\",\"urlTemplate\":\"https:\/\/www.reclamaraccidentetrafico.es\/?s={search_term_string}\"},\"query-input\":{\"@type\":\"PropertyValueSpecification\",\"valueRequired\":true,\"valueName\":\"search_term_string\"}}],\"inLanguage\":\"ca\"},{\"@type\":\"Organization\",\"@id\":\"https:\/\/www.reclamaraccidentetrafico.es\/#organization\",\"name\":\"PALLAR\u00c8S ADVOCATS\",\"alternateName\":\"Pallar\u00e8s\",\"url\":\"https:\/\/www.reclamaraccidentetrafico.es\/\",\"logo\":{\"@type\":\"ImageObject\",\"inLanguage\":\"ca\",\"@id\":\"https:\/\/www.reclamaraccidentetrafico.es\/#\/schema\/logo\/image\/\",\"url\":\"https:\/\/www.reclamaraccidentetrafico.es\/wp-content\/uploads\/2023\/04\/pallares-blanc.png\",\"contentUrl\":\"https:\/\/www.reclamaraccidentetrafico.es\/wp-content\/uploads\/2023\/04\/pallares-blanc.png\",\"width\":305,\"height\":412,\"caption\":\"PALLAR\u00c8S ADVOCATS\"},\"image\":{\"@id\":\"https:\/\/www.reclamaraccidentetrafico.es\/#\/schema\/logo\/image\/\"},\"sameAs\":[\"https:\/\/www.facebook.com\/Pallares.Advocat\",\"https:\/\/x.com\/pallaresadvocats\",\"https:\/\/instagram.com\/pallares_advocats?igshid=NTc4MTIwNjQ2YQ==\"]}]}<\/script>\n<!-- \/ Yoast SEO plugin. -->","yoast_head_json":{"title":"Abogados accidentes tr\u00e1fico en Cerdanyola Sabadell Barcelona","description":"Abogados especialistas en accidentes de tr\u00e1fico en Cerdanyola, Sabadell y Barcelona. Solo cobramos si usted cobra!! .93 655 31 70.","robots":{"index":"index","follow":"follow","max-snippet":"max-snippet:-1","max-image-preview":"max-image-preview:large","max-video-preview":"max-video-preview:-1"},"canonical":"https:\/\/www.reclamaraccidentetrafico.es\/cat\/abogados-accidentes-trafico-cerdanyola-sabadell-barcelona\/","og_locale":"ca_ES","og_type":"article","og_title":"Abogados accidentes tr\u00e1fico en Cerdanyola Sabadell Barcelona","og_description":"Abogados especialistas en accidentes de tr\u00e1fico en Cerdanyola, Sabadell y Barcelona. Solo cobramos si usted cobra!! .93 655 31 70.","og_url":"https:\/\/www.reclamaraccidentetrafico.es\/cat\/abogados-accidentes-trafico-cerdanyola-sabadell-barcelona\/","og_site_name":"ABOGADOS DE ACCIDENTES DE TRAFICO","article_publisher":"https:\/\/www.facebook.com\/Pallares.Advocat","article_modified_time":"2023-10-02T18:02:07+00:00","og_image":[{"width":1280,"height":742,"url":"https:\/\/www.reclamaraccidentetrafico.es\/wp-content\/uploads\/2023\/04\/car-accident-g857c8f6b5_1280.png","type":"image\/png"}],"twitter_card":"summary_large_image","twitter_site":"@pallaresadvocats","twitter_misc":{"Temps estimat de lectura":"1 minut"},"schema":{"@context":"https:\/\/schema.org","@graph":[{"@type":"WebPage","@id":"https:\/\/www.reclamaraccidentetrafico.es\/abogados-accidentes-trafico-cerdanyola-sabadell-barcelona\/","url":"https:\/\/www.reclamaraccidentetrafico.es\/abogados-accidentes-trafico-cerdanyola-sabadell-barcelona\/","name":"Abogados accidentes tr\u00e1fico en Cerdanyola Sabadell Barcelona","isPartOf":{"@id":"https:\/\/www.reclamaraccidentetrafico.es\/#website"},"primaryImageOfPage":{"@id":"https:\/\/www.reclamaraccidentetrafico.es\/abogados-accidentes-trafico-cerdanyola-sabadell-barcelona\/#primaryimage"},"image":{"@id":"https:\/\/www.reclamaraccidentetrafico.es\/abogados-accidentes-trafico-cerdanyola-sabadell-barcelona\/#primaryimage"},"thumbnailUrl":"https:\/\/www.reclamaraccidentetrafico.es\/wp-content\/uploads\/2023\/04\/car-accident-g857c8f6b5_1280.png","datePublished":"2020-04-16T13:19:33+00:00","dateModified":"2023-10-02T18:02:07+00:00","description":"Abogados especialistas en accidentes de tr\u00e1fico en Cerdanyola, Sabadell y Barcelona. Solo cobramos si usted cobra!! .93 655 31 70.","breadcrumb":{"@id":"https:\/\/www.reclamaraccidentetrafico.es\/abogados-accidentes-trafico-cerdanyola-sabadell-barcelona\/#breadcrumb"},"inLanguage":"ca","potentialAction":[{"@type":"ReadAction","target":["https:\/\/www.reclamaraccidentetrafico.es\/abogados-accidentes-trafico-cerdanyola-sabadell-barcelona\/"]}]},{"@type":"ImageObject","inLanguage":"ca","@id":"https:\/\/www.reclamaraccidentetrafico.es\/abogados-accidentes-trafico-cerdanyola-sabadell-barcelona\/#primaryimage","url":"https:\/\/www.reclamaraccidentetrafico.es\/wp-content\/uploads\/2023\/04\/car-accident-g857c8f6b5_1280.png","contentUrl":"https:\/\/www.reclamaraccidentetrafico.es\/wp-content\/uploads\/2023\/04\/car-accident-g857c8f6b5_1280.png","width":1280,"height":742,"caption":"Abogados-accidentes-tr\u00e1fico-Cerdanyola-Sabadell-Barcelona"},{"@type":"BreadcrumbList","@id":"https:\/\/www.reclamaraccidentetrafico.es\/abogados-accidentes-trafico-cerdanyola-sabadell-barcelona\/#breadcrumb","itemListElement":[{"@type":"ListItem","position":1,"name":"Portada","item":"https:\/\/www.reclamaraccidentetrafico.es\/"},{"@type":"ListItem","position":2,"name":"CONT\u00c1CTENOS"}]},{"@type":"WebSite","@id":"https:\/\/www.reclamaraccidentetrafico.es\/#website","url":"https:\/\/www.reclamaraccidentetrafico.es\/","name":"ACCIDENT ADVOCATS DE TR\u00c0NSIT","description":"ADVOCATS ESPERTS EN RECLAMACI\u00d3 PER ACCIDENTS DE TR\u00c0NSIT","publisher":{"@id":"https:\/\/www.reclamaraccidentetrafico.es\/#organization"},"potentialAction":[{"@type":"SearchAction","target":{"@type":"EntryPoint","urlTemplate":"https:\/\/www.reclamaraccidentetrafico.es\/?s={search_term_string}"},"query-input":{"@type":"PropertyValueSpecification","valueRequired":true,"valueName":"search_term_string"}}],"inLanguage":"ca"},{"@type":"Organization","@id":"https:\/\/www.reclamaraccidentetrafico.es\/#organization","name":"PALLAR\u00c8S ADVOCATS","alternateName":"Pallar\u00e8s","url":"https:\/\/www.reclamaraccidentetrafico.es\/","logo":{"@type":"ImageObject","inLanguage":"ca","@id":"https:\/\/www.reclamaraccidentetrafico.es\/#\/schema\/logo\/image\/","url":"https:\/\/www.reclamaraccidentetrafico.es\/wp-content\/uploads\/2023\/04\/pallares-blanc.png","contentUrl":"https:\/\/www.reclamaraccidentetrafico.es\/wp-content\/uploads\/2023\/04\/pallares-blanc.png","width":305,"height":412,"caption":"PALLAR\u00c8S ADVOCATS"},"image":{"@id":"https:\/\/www.reclamaraccidentetrafico.es\/#\/schema\/logo\/image\/"},"sameAs":["https:\/\/www.facebook.com\/Pallares.Advocat","https:\/\/x.com\/pallaresadvocats","https:\/\/instagram.com\/pallares_advocats?igshid=NTc4MTIwNjQ2YQ=="]}]}},"_links":{"self":[{"href":"https:\/\/www.reclamaraccidentetrafico.es\/cat\/wp-json\/wp\/v2\/pages\/865","targetHints":{"allow":["GET"]}}],"collection":[{"href":"https:\/\/www.reclamaraccidentetrafico.es\/cat\/wp-json\/wp\/v2\/pages"}],"about":[{"href":"https:\/\/www.reclamaraccidentetrafico.es\/cat\/wp-json\/wp\/v2\/types\/page"}],"author":[{"embeddable":true,"href":"https:\/\/www.reclamaraccidentetrafico.es\/cat\/wp-json\/wp\/v2\/users\/1"}],"replies":[{"embeddable":true,"href":"https:\/\/www.reclamaraccidentetrafico.es\/cat\/wp-json\/wp\/v2\/comments?post=865"}],"version-history":[{"count":29,"href":"https:\/\/www.reclamaraccidentetrafico.es\/cat\/wp-json\/wp\/v2\/pages\/865\/revisions"}],"predecessor-version":[{"id":2342,"href":"https:\/\/www.reclamaraccidentetrafico.es\/cat\/wp-json\/wp\/v2\/pages\/865\/revisions\/2342"}],"wp:featuredmedia":[{"embeddable":true,"href":"https:\/\/www.reclamaraccidentetrafico.es\/cat\/wp-json\/wp\/v2\/media\/1852"}],"wp:attachment":[{"href":"https:\/\/www.reclamaraccidentetrafico.es\/cat\/wp-json\/wp\/v2\/media?parent=865"}],"curies":[{"name":"wp","href":"https:\/\/api.w.org\/{rel}","templated":true}]}}